se 10, what is 5 + 72?
77
In base 5, what is -103 + 102?
-1
In base 5, what is -3004 - -3?
-3001
In base 6, what is -13 + 133?
120
In base 8, what is 2 + 3655?
3657
In base 8, what is 143 + 0?
143
In base 2, what is 10100110 + 111?
10101101
In base 4, what is -1 - 311330?
-311331
In base 12, what is 465 + 2?
467
In base 9, what is -1524 - -6?
-1517
In base 7, what is 2 - 163?
-161
In base 6, what is -54 - -20?
-34
In base 10, what is -5 + -5939?
-5944
In base 3, what is -1 - -100210?
100202
In base 12, what is -5 + a?
5
In base 2, what is -1110 + -10001?
-11111
In base 5, what is 20 + 32?
102
In base 11, what is 176 + 9?
184
In base 5, what is -12003 - -1?
-12002
In base 2, what is 10 - 111?
-101
In base 14, what is -2 - -b6?
b4
In base 15, what is 1b4b - 2?
1b49
In base 2, what is -11111100 + 101?
-11110111
In base 7, what is -15 - 46?
-64
In base 14, what is 823 + -2?
821
In base 14, what is a4 + -5?
9d
In base 13, what is 1380 - 2?
137b
In base 16, what is -4 - 57?
-5b
In base 16, what is 27c0 + 2?
27c2
In base 16, what is -7 - -9?
2
In base 16, what is -b5 + 6?
-af
In base 15, what is -9 + 17?
d
In base 14, what is 0 - 26c?
-26c
In base 15, what is -396 - 1?
-397
In base 8, what is 1 - -2340?
2341
In base 13, what is -6 + -1a?
-23
In base 7, what is 10102 + -4?
10065
In base 3, what is 102100 - -10?
102110
In base 10, what is 2061 - 0?
2061
In base 9, what is -416 - -1?
-415
In base 7, what is 112 - 3?
106
In base 2, what is 1011110 + -1011?
1010011
In base 10, what is 4 + 62?
66
In base 12, what is -66 - -1?
-65
In base 7, what is -2132 - 46?
-2211
In base 11, what is -4 - 15a?
-163
In base 11, what is -4 - -92?
89
In base 5, what is 12 + -131?
-114
In base 9, what is 34 + -32?
2
In base 9, what is -2 - 35?
-37
In base 11, what is 895 - -9?
8a3
In base 5, what is -1231 - 3?
-1234
In base 9, what is 43 - 11?
32
In base 8, what is 1530 + -1?
1527
In base 16, what is -35 + -2de?
-313
In base 9, what is -14 + -1484?
-1508
In base 15, what is 28 - 12?
16
In base 9, what is -47 - 777?
-835
In base 15, what is -19 + -13?
-2c
In base 15, what is 65 - -4?
69
In base 8, what is 44 + -16?
26
In base 12, what is 3 - -73?
76
In base 5, what is -3 + 14031?
14023
In base 12, what is 10 + 7?
17
In base 12, what is -40 - -49?
9
In base 14, what is -3 - a02?
-a05
In base 13, what is -20 + -b?
-2b
In base 3, what is 100112202 - -12?
100112221
In base 2, what is -10 - -100011001111?
100011001101
In base 13, what is 4 + 2c?
33
In base 10, what is -4 - 2?
-6
In base 10, what is 96 + -15?
81
In base 6, what is -2 - -4410?
4404
In base 3, what is 220 + -12122?
-11202
In base 2, what is 0 + -101110100?
-101110100
In base 3, what is -12 + 1220?
1201
In base 11, what is 7 + -1301?
-12a5
In base 12, what is 54 + 0?
54
In base 14, what is 1 + -3c?
-3b
In base 16, what is 7c - -3?
7f
In base 4, what is -1101 - -2?
-1033
In base 6, what is -155 - -13?
-142
In base 6, what is -152 - 12?
-204
In base 3, what is -22 + 11200?
11101
In base 7, what is -3456 + 2?
-3454
In base 12, what is a - -ab?
b9
In base 14, what is 80a + 5?
811
In base 7, what is 3 + -21?
-15
In base 16, what is 8 + -11?
-9
In base 15, what is -11c + 3?
-119
In base 4, what is 2 + 2101?
2103
In base 11, what is -4a - 21?
-70
In base 6, what is 5 + -3100?
-3051
In base 9, what is -22 + -251?
-273
In base 10, what is -83 - -16?
-67
In base 11, what is 0 - -2a2?
2a2
In base 14, what is -5 - -176?
171
In base 4, what is 10 + -23?
-13
In base 10, what is -261 + -5?
-266
In base 12, what is -215 + 4?
-211
In base 15, what is 0 + -1170?
-1170
In base 10, what is -3 + 944?
941
In base 16, what is 0 + -11?
-11
In base 14, what is 4 - -41?
45
In base 11, what is 4 + -6?
-2
In base 9, what is 26 - 33?
-6
In base 6, what is 1 - -104550?
104551
In base 15, what is -27 - 40?
-67
In base 9, what is 1275 + -6?
1268
In base 15, what is 12 + -2?
10
In base 15, what is -5 + -bb?
-c1
In base 2, what is 10110 - -11?
11001
In base 9, what is 13257 - 3?
13254
In base 16, what is -5 - 0?
-5
In base 15, what is 26 - -2?
28
In base 4, what is 3 - -3201?
3210
In base 2, what is -10 + 101010001?
101001111
In base 6, what is 10244 + -24?
10220
In base 8, what is 1035 + -1?
1034
In base 15, what is 1 - 9?
-8
In base 11, what is 157 - 1?
156
In base 9, what is 0 - 4365?
-4365
In base 3, what is 1 + 122201?
122202
In base 9, what is 5 - -11?
16
In base 4, what is 2031001 + -1?
2031000
In base 2, what is -1110101 + 111?
-1101110
In base 2, what is 1010 + -1000?
10
In base 2, what is -11101101101 + -101?
-11101110010
In base 4, what is 0 - 121?
-121
In base 7, what is -35 - 560?
-625
In base 6, what is 2332 + 0?
2332
In base 7, what is 141 - -5?
146
In base 9, what is 7 + 5?
13
In base 13, what is 284 + 3?
287
In base 16, what is -559 + d?
-54c
In base 14, what is -c + -27?
-35
In base 16, what is -6 + 23?
1d
In base 8, what is 11 + -45?
-34
In base 12, what is 540 + 3?
543
In base 2, what is -1001001110 + 101?
-1001001001
In base 16, what is 1 - 141?
-140
In base 4, what is -3 + -13?
-22
In base 2, what is 11 - -10110?
11001
In base 7, what is -4 + -213?
-220
In base 5, what is 1000 + -4?
441
In base 12, what is 474 + -5?
46b
In base 10, what is 8 - 13?
-5
In base 7, what is 111 - 4?
104
In base 13, what is 12 + 60?
72
In base 12, what is -5aa + -2?
-5b0
In base 15, what is -52e1 + 1?
-52e0
In base 10, what is -12 - 1?
-13
In base 4, what is 10113 + 0?
10113
In base 11, what is 4 - -141?
145
In base 2, what is 1010 - 11111110011?
-11111101001
In base 3, what is 10120 - 2?
10111
In base 3, what is -201021 - 12?
-201110
In base 12, what is -3 - -3a00?
39b9
In base 8, what is 0 - 110?
-110
In base 15, what is 1 + -7d?
-7c
In base 16, what is a - 1c?
-12
In base 13, what is c4 + 4?
c8
In base 4, what is 2 - -132?
200
In base 3, what is 11 + 11?
22
In base 13, what is 7 - 31?
-27
In base 9, what is 2 - 342?
-340
In base 7, what is 4 + 3?
10
In base 12, what is 74 - 10?
64
In base 3, what is -20 + 21?
1
In base 6, what is 1 - 25350?
-25345
In base 13, what is 3c + c?
4b
In base 8, what is 13 + 706?
721
In base 6, what is 1120 - -225?
1345
In base 10, what is -3 + -239?
-242
In base 15, what is a + 107?
112
In base 2, what is -100 - -100000?
11100
In base 15, what is -34 + -4?
-38
In base 7, what is 5 + 163?
201
In base 9, what is -244 - 0?
-244
In base 2, what is -1001111111 + 101010?
-1001010101
In base 14, what is -250 + -9?
-259
In base 6, what is -1 + 55?
54
In base 8, what is 73 - -1?
74
In base 10, what is 62 + 15?
77
In base 9, what is -126 - 0?
-126
In base 3, what is -101011 + 21?
-100220
In base 14, what is 52 - 58?
-6
In base 14, what is -3 - 28b?
-290
In base 6, what is -300 + -3?
-303
In base 12, what is 2 + -a9?
-a7
In base 7, what is -125 - 13?
-141
In base 9, what is -1052 + -1?
-1053
In base 4, what is 12 - 320?
-302
In base 14, what is -1d4 - 5?
-1d9
In base 8, what is 5 + 134?
141
In base 5, what is 4 - 31?
-22
In base 3, what is 110 - -10?
120
In base 2, what is -11100110 - -11?
-11100011
In base 14, what is -3 - -293?
290
In base 9, what is 1306 + -5?
1301
In base 9, what is -5 + -6404?
-6410
In base 6, what is 1342 + 113?
1455
In base 14, what is -57 + -4?
-5b
In base 14, what is 2352 - -5?
2357
In base 7, what is 563 - 60?
503
In base 4, what is 20033 + -3?
20030
In base 16, what is 41 + 56?
97
In base 10, what is -423 + -3?
-426
In base 14, what is -5 - -33?
2c
In base 16, what is -7b - -4?
-77
In base 7, what is 2240 + -3?
2234
In base 12, what is -7 - 107a?
-1085
In base 8, what is 5 - -1121?
1126
In base 11, what is -224 - -14?
-210
In base 7, what is -34 - 2?
-36
In base 15, what is 1a - 8e?
-74
In base 5, what is 1044143 - -4?
1044202
In base 3, what is 2222 - 21?
2201
In base 13, what is 23 - 0?
23
In base 15, what is 1 - -27e?
280
In base 14, what is 5 - 355?
-350
In base 5, what is -11 + -13140?
-13201
In base 11, what is -3 + 96?
93
In base 13, what is 2108 - -3?
210b
In base 15, what is 4 + -5c?
-58
In base 6, what is 0 + -122?
-122
In base 15, what is -391 - 4?
-395
In base 3, what is -1 + 101112100?
101112022
In base 11, what is 3 - 106a?
-1067
In base 9, what is 113 - 1?
112
In base 10, what is 9 - -9?
18
In base 4, what is -10 - -12030?
12020
In base 2, what is -11100110 - 101?
-11101011
In base 15,